lse
Does 21 divide 102821166?
True
Does 124 divide 33412048?
True
Does 1014 divide 179460288?
False
Does 2449 divide 48269790?
True
Is 2863 a factor of 184708109?
False
Does 680 divide 116836240?
True
Is 300 a factor of 276810132?
False
Is 25061384 a multiple of 3?
False
Is 2052 a factor of 47033892?
True
Is 239 a factor of 3216034907?
True
Is 200 a factor of 3704000?
True
Does 287 divide 717149144?
False
Is 18439305 a multiple of 85?
True
Is 135537262 a multiple of 279?
False
Is 67 a factor of 31767608?
False
Is 363 a factor of 11647173?
False
Does 32 divide 18106906?
False
Is 2637541354 a multiple of 24?
False
Is 48110398 a multiple of 252?
False
Is 8 a factor of 2228629576?
True
Does 2110 divide 492324190?
True
Is 1609119224 a multiple of 17?
True
Is 32 a factor of 80121216?
True
Is 21 a factor of 4139123?
False
Is 14418584 a multiple of 7?
False
Is 2417487380 a multiple of 9493?
True
Is 434 a factor of 130538520?
True
Is 998 a factor of 902294794?
True
Is 172 a factor of 30657452?
True
Does 26 divide 304970097?
False
Is 21 a factor of 73114164?
False
Is 9680000 a multiple of 605?
True
Does 162 divide 1365420402?
True
Is 7582080 a multiple of 30?
True
Does 9 divide 35012469?
False
Does 27 divide 22340559?
False
Is 60 a factor of 3935271720?
True
Is 81290483 a multiple of 160?
False
Is 10843542 a multiple of 13?
False
Is 755777954 a multiple of 92?
False
Is 356111682 a multiple of 37?
False
Does 989 divide 1411152598?
False
Is 604 a factor of 742395728?
True
Does 7815 divide 417578895?
True
Is 183466707 a multiple of 601?
False
Does 148 divide 49312407?
False
Is 237538652 a multiple of 13?
True
Does 63 divide 24360147?
True
Is 8360656 a multiple of 4?
True
Does 220 divide 1734171094?
False
Is 7 a factor of 14622130?
False
Does 225 divide 15092755?
False
Is 5036 a factor of 2238965312?
True
Is 96 a factor of 288023520?
True
Is 6561 a factor of 47304810?
True
Is 3251426 a multiple of 554?
True
Is 18 a factor of 9211212?
True
Does 4 divide 14039522?
False
Does 48 divide 250821312?
True
Is 12 a factor of 971994596?
False
Is 83 a factor of 36330719?
False
Is 1023 a factor of 28914463?
False
Is 27 a factor of 16968447?
True
Is 7268 a factor of 121361488?
False
Is 510717940 a multiple of 123?
False
Is 1732980 a multiple of 204?
True
Is 344922305 a multiple of 61?
False
Does 15 divide 5480542?
False
Is 1354605 a multiple of 665?
True
Is 1875312894 a multiple of 431?
True
Is 9 a factor of 197710102?
False
Is 4414 a factor of 2826005183?
False
Is 275 a factor of 81949725?
True
Is 5 a factor of 1336183980?
True
Is 85 a factor of 108903105?
True
Does 1927 divide 68035400?
False
Does 828 divide 525053359?
False
Is 5706 a factor of 468781830?
False
Does 1516 divide 2041800549?
False
Is 1750 a factor of 282878750?
True
Is 681 a factor of 841522017?
False
Does 11193 divide 1595333486?
False
Does 6214 divide 4587199759?
False
Is 31891655 a multiple of 69?
False
Is 42 a factor of 36169518?
True
Is 9807632 a multiple of 23?
False
Does 11 divide 35389189?
True
Does 6 divide 350051484?
True
Is 53 a factor of 1279735?
False
Is 17011302 a multiple of 77?
True
Is 1388422287 a multiple of 12?
False
Is 97 a factor of 11989797?
False
Is 3344213 a multiple of 13?
False
Is 84 a factor of 18605913?
False
Does 1869 divide 24135792?
False
Is 846930961 a multiple of 43?
False
Does 8 divide 21915216?
True
Does 30 divide 217733580?
True
Is 4457 a factor of 266225524?
True
Is 192080064 a multiple of 33?
True
Is 380105011 a multiple of 2569?
False
Is 192 a factor of 41106048?
True
Is 105 a factor of 64039064?
False
Does 343 divide 818126052?
False
Is 53 a factor of 1251724543?
False
Is 204730470 a multiple of 826?
False
Is 117899883 a multiple of 256?
False
Is 229262212 a multiple of 1492?
True
Is 20122830 a multiple of 1134?
True
Is 16989415 a multiple of 1051?
True
Is 13 a factor of 127593323?
True
Does 8 divide 106391212?
False
Does 163 divide 3790675559?
False
Is 17784720 a multiple of 4?
True
Is 3827699198 a multiple of 1267?
False
Is 35341218 a multiple of 27?
True
Is 102 a factor of 665868180?
False
Does 16 divide 3299393229?
False
Does 281 divide 6309012?
True
Does 2307 divide 39671172?
True
Is 258903679 a multiple of 12?
False
Is 10 a factor of 32940900?
True
Does 7800 divide 1419515023?
False
Is 83 a factor of 101295638?
False
Is 33743318 a multiple of 29?
False
Is 17 a factor of 1729969113?
True
Is 666 a factor of 131660296?
False
Is 14 a factor of 19291037?
False
Does 9 divide 1335960162?
True
Does 14 divide 429632593?
False
Is 1680316 a multiple of 57?
False
Does 16 divide 32224562?
False
Does 663 divide 213513846?
True
Is 882 a factor of 460241712?
True
Does 76 divide 1923332684?
True
Is 789298029 a multiple of 1044?
False
Does 839 divide 267758058?
False
Is 67750761 a multiple of 13?
True
Does 344 divide 990911264?
True
Is 110499418 a multiple of 110?
False
Does 93 divide 601937010?
False
Is 22 a factor of 110334900?
False
Is 100 a factor of 1221667400?
True
Does 76 divide 855553356?
True
Does 399 divide 379719704?
False
Does 637 divide 26821104?
False
Is 160 a factor of 75577920?
True
Does 27 divide 175882671?
True
Does 38 divide 25996446?
True
Is 6250081 a multiple of 104?
False
Does 1282 divide 12919148?
False
Is 3 a factor of 6637675?
False
Is 52679776 a multiple of 189?
False
Is 1989 a factor of 131119803?
False
Is 784262814 a multiple of 541?
True
Is 29118848 a multiple of 704?
True
Is 338363328 a multiple of 48?
True
Is 2512189443 a multiple of 59?
False
Does 17 divide 86207739?
False
Does 53 divide 8747597?
True
Is 38 a factor of 45423807?
False
Does 6 divide 11584980?
True
Is 1389395344 a multiple of 113?
False
Is 1187 a factor of 245054963?
True
Is 64794675 a multiple of 75?
True
Is 147321925 a multiple of 5?
True
Is 10789 a factor of 3114898155?
False
Is 2563 a factor of 25547984?
True
Does 2995 divide 273757975?
True
Is 66412344 a multiple of 6?
True
Is 191933802 a multiple of 18?
True
Is 31911704 a multiple of 16?
False
Is 106121987 a multiple of 8?
False
Is 4007754264 a multiple of 262?
True
Is 21 a factor of 117605964?
True
Is 633950 a multiple of 14?
False
Is 1762 a factor of 5322506?
False
Does 177 divide 357205419?
False
Is 174 a factor of 576271818?
True
Does 467 divide 53924490?
True
Is 169 a factor of 265093590?
False
Is 11 a factor of 145706057?
False
Is 1192 a factor of 140329833?
False
Is 1631895417 a multiple of 3032?
False
Is 1444756211 a multiple of 639?
False
Is 81 a factor of 494358212?
False
Does 43 divide 135203051?
True
Is 90 a factor of 71216674?
False
Is 20 a factor of 272074220?
True
Does 31 divide 5215570336?
False
Does 128 divide 16655360?
True
Is 743622945 a multiple of 3474?
False
Is 20 a factor of 3320356740?
True
Is 191 a factor of 36577229?
False
Does 98 divide 193213896?
False
Is 1078400922 a multiple of 3?
True
Is 36 a factor of 265570272?
True
Is 1412509888 a multiple of 16?
True
Does 769 divide 41526000?
True
Does 12 divide 42416778?
False
Is 351443457 a multiple of 463?
False
Does 783 divide 6172051?
False
Is 84271773 a multiple of 5689?
False
Does 336 divide 5230512?
True
Is 296 a factor of 37196544?
True
Does 144 divide 9503490?
False
Is 651 a factor of 28934360?
False
Is 3873925 a multiple of 33?
False
Is 3212 a factor of 166342037?
False
Does 163 divide 6450399?
True
Does 30 divide 9165990?
True
Is 19523735 a multiple of 266?
False
Does 17 divide 48628849?
False
Does 39 divide 239564754?
True
Is 82 a factor of 796194170?
True
Is 22 a factor of 56088890?
True
Is 2599 a factor of 37264397?
False
Does 531 divide 46855042?
False
Is 1142 a factor of 373539053?
False
Is 820207388 a multiple of 4004?
True
Does 39 divide 5173701?
True
Does 1188 divide 48938124?
False
Is 11 a factor of 270376601?
True
Does 1145 divide 57525945?
True
Is 19 a factor of 520529777?
False
Is 15289397 a multiple of 100?
False
Is 17 a factor of 203350396?
True
Is 2986896783 a multiple of 37?
False
Does 455 divide 733359372?
False
Is 18 a factor of 9405990?
True
Is 2540504350 a multiple of 50?
True
Is 109081756 a multiple of 14?
True
Is 27350232 a multiple of 1092?
True
Is 2007872 a multiple of 8?
True
Is 1807 a factor of 689373330?
False
Is 41148086 a multiple of 119?
False
Is 448 a factor of 93591098?
False
Is 18602028 a multiple of 1107?
